{"id":1534,"date":"2023-04-05T10:07:58","date_gmt":"2023-04-05T08:07:58","guid":{"rendered":"https:\/\/www.goldschmiede-biedermann.de\/shop\/?post_type=product&#038;p=1534"},"modified":"2023-04-05T10:07:58","modified_gmt":"2023-04-05T08:07:58","slug":"ohrstecker-goldherzen","status":"publish","type":"product","link":"https:\/\/www.goldschmiede-biedermann.de\/shop\/produkt\/ohrstecker-goldherzen\/","title":{"rendered":"Ohrstecker \u201eGoldHerzen\u201c"},"content":{"rendered":"<p>Goldene Herzen<\/p>\n<p>Aus gl\u00e4nzendem 585er Gelbgold und Wei\u00dfgold mit Liebe handgefertigt begleiten diese wundersch\u00f6nen Ohrstecker ihre Tr\u00e4gerin durch den Tag.<\/p>\n<p>Stifte und R\u00fcckteile aus 333er Gelbgold.<\/p>\n<p>Durchmesser: ca. 9mm<\/p>\n<p>&nbsp;<\/p>\n<p>&nbsp;<\/p>\n<p>&nbsp;<\/p>\n","protected":false},"excerpt":{"rendered":"<p>Goldene Herzen Aus gl\u00e4nzendem 585er Gelbgold und Wei\u00dfgold mit Liebe handgefertigt begleiten diese wundersch\u00f6nen Ohrstecker ihre Tr\u00e4gerin durch den Tag.  [&#8230;]<\/p>\n","protected":false},"featured_media":1504,"comment_status":"closed","ping_status":"closed","template":"","meta":[],"product_brand":[],"product_cat":[174,53],"product_tag":[],"class_list":{"0":"post-1534","1":"product","2":"type-product","3":"status-publish","4":"has-post-thumbnail","6":"product_cat-herz","7":"product_cat-ohrschmuck","8":"pa_material-585-er-gelbgold","9":"pa_stein-brilliant-tw-si","11":"first","12":"instock","13":"taxable","14":"shipping-taxable","15":"purchasable","16":"product-type-simple"},"yoast_head":"<!-- This site is optimized with the Yoast SEO plugin v27.4 - https:\/\/yoast.com\/product\/yoast-seo-wordpress\/ -->\n<title>Ohrstecker \u201eGoldHerzen\u201c - Goldschmiede Biedermann Shop<\/title>\n<meta name=\"robots\" content=\"index, follow, max-snippet:-1, max-image-preview:large, max-video-preview:-1\" \/>\n<link rel=\"canonical\" href=\"https:\/\/www.goldschmiede-biedermann.de\/shop\/produkt\/ohrstecker-goldherzen\/\" \/>\n<meta property=\"og:locale\" content=\"de_DE\" \/>\n<meta property=\"og:type\" content=\"article\" \/>\n<meta property=\"og:title\" content=\"Ohrstecker \u201eGoldHerzen\u201c - Goldschmiede Biedermann Shop\" \/>\n<meta property=\"og:description\" content=\"Goldene Herzen Aus gl\u00e4nzendem 585er Gelbgold und Wei\u00dfgold mit Liebe handgefertigt begleiten diese wundersch\u00f6nen Ohrstecker ihre Tr\u00e4gerin durch den Tag. [...]\" \/>\n<meta property=\"og:url\" content=\"https:\/\/www.goldschmiede-biedermann.de\/shop\/produkt\/ohrstecker-goldherzen\/\" \/>\n<meta property=\"og:site_name\" content=\"Goldschmiede Biedermann Shop\" \/>\n<meta property=\"og:image\" content=\"https:\/\/www.goldschmiede-biedermann.de\/shop\/wp-content\/uploads\/2022\/04\/Ohrstecker-Herz-Gelbgold-Weissgold-1-scaled.jpg\" \/>\n\t<meta property=\"og:image:width\" content=\"2560\" \/>\n\t<meta property=\"og:image:height\" content=\"1536\" \/>\n\t<meta property=\"og:image:type\" content=\"image\/jpeg\" \/>\n<meta name=\"twitter:card\" content=\"summary_large_image\" \/>\n<meta name=\"twitter:label1\" content=\"Gesch\u00e4tzte Lesezeit\" \/>\n\t<meta name=\"twitter:data1\" content=\"1\u00a0Minute\" \/>\n<script type=\"application\/ld+json\" class=\"yoast-schema-graph\">{\"@context\":\"https:\\\/\\\/schema.org\",\"@graph\":[{\"@type\":\"WebPage\",\"@id\":\"https:\\\/\\\/www.goldschmiede-biedermann.de\\\/shop\\\/produkt\\\/ohrstecker-goldherzen\\\/\",\"url\":\"https:\\\/\\\/www.goldschmiede-biedermann.de\\\/shop\\\/produkt\\\/ohrstecker-goldherzen\\\/\",\"name\":\"Ohrstecker \u201eGoldHerzen\u201c - Goldschmiede Biedermann Shop\",\"isPartOf\":{\"@id\":\"https:\\\/\\\/www.goldschmiede-biedermann.de\\\/shop\\\/#website\"},\"primaryImageOfPage\":{\"@id\":\"https:\\\/\\\/www.goldschmiede-biedermann.de\\\/shop\\\/produkt\\\/ohrstecker-goldherzen\\\/#primaryimage\"},\"image\":{\"@id\":\"https:\\\/\\\/www.goldschmiede-biedermann.de\\\/shop\\\/produkt\\\/ohrstecker-goldherzen\\\/#primaryimage\"},\"thumbnailUrl\":\"https:\\\/\\\/www.goldschmiede-biedermann.de\\\/shop\\\/wp-content\\\/uploads\\\/2022\\\/04\\\/Ohrstecker-Herz-Gelbgold-Weissgold-1-scaled.jpg\",\"datePublished\":\"2023-04-05T08:07:58+00:00\",\"breadcrumb\":{\"@id\":\"https:\\\/\\\/www.goldschmiede-biedermann.de\\\/shop\\\/produkt\\\/ohrstecker-goldherzen\\\/#breadcrumb\"},\"inLanguage\":\"de\",\"potentialAction\":[{\"@type\":\"ReadAction\",\"target\":[\"https:\\\/\\\/www.goldschmiede-biedermann.de\\\/shop\\\/produkt\\\/ohrstecker-goldherzen\\\/\"]}]},{\"@type\":\"ImageObject\",\"inLanguage\":\"de\",\"@id\":\"https:\\\/\\\/www.goldschmiede-biedermann.de\\\/shop\\\/produkt\\\/ohrstecker-goldherzen\\\/#primaryimage\",\"url\":\"https:\\\/\\\/www.goldschmiede-biedermann.de\\\/shop\\\/wp-content\\\/uploads\\\/2022\\\/04\\\/Ohrstecker-Herz-Gelbgold-Weissgold-1-scaled.jpg\",\"contentUrl\":\"https:\\\/\\\/www.goldschmiede-biedermann.de\\\/shop\\\/wp-content\\\/uploads\\\/2022\\\/04\\\/Ohrstecker-Herz-Gelbgold-Weissgold-1-scaled.jpg\",\"width\":2560,\"height\":1536,\"caption\":\"Ohrstecker Herz Gelbgold Wei\u00dfgold 1\"},{\"@type\":\"BreadcrumbList\",\"@id\":\"https:\\\/\\\/www.goldschmiede-biedermann.de\\\/shop\\\/produkt\\\/ohrstecker-goldherzen\\\/#breadcrumb\",\"itemListElement\":[{\"@type\":\"ListItem\",\"position\":1,\"name\":\"Startseite\",\"item\":\"https:\\\/\\\/www.goldschmiede-biedermann.de\\\/shop\\\/\"},{\"@type\":\"ListItem\",\"position\":2,\"name\":\"Startseite\",\"item\":\"https:\\\/\\\/www.goldschmiede-biedermann.de\\\/shop\\\/\"},{\"@type\":\"ListItem\",\"position\":3,\"name\":\"Ohrstecker \u201eGoldHerzen\u201c\"}]},{\"@type\":\"WebSite\",\"@id\":\"https:\\\/\\\/www.goldschmiede-biedermann.de\\\/shop\\\/#website\",\"url\":\"https:\\\/\\\/www.goldschmiede-biedermann.de\\\/shop\\\/\",\"name\":\"Goldschmiede Biedermann Shop\",\"description\":\"\",\"potentialAction\":[{\"@type\":\"SearchAction\",\"target\":{\"@type\":\"EntryPoint\",\"urlTemplate\":\"https:\\\/\\\/www.goldschmiede-biedermann.de\\\/shop\\\/?s={search_term_string}\"},\"query-input\":{\"@type\":\"PropertyValueSpecification\",\"valueRequired\":true,\"valueName\":\"search_term_string\"}}],\"inLanguage\":\"de\"}]}<\/script>\n<!-- \/ Yoast SEO plugin. -->","yoast_head_json":{"title":"Ohrstecker \u201eGoldHerzen\u201c - Goldschmiede Biedermann Shop","robots":{"index":"index","follow":"follow","max-snippet":"max-snippet:-1","max-image-preview":"max-image-preview:large","max-video-preview":"max-video-preview:-1"},"canonical":"https:\/\/www.goldschmiede-biedermann.de\/shop\/produkt\/ohrstecker-goldherzen\/","og_locale":"de_DE","og_type":"article","og_title":"Ohrstecker \u201eGoldHerzen\u201c - Goldschmiede Biedermann Shop","og_description":"Goldene Herzen Aus gl\u00e4nzendem 585er Gelbgold und Wei\u00dfgold mit Liebe handgefertigt begleiten diese wundersch\u00f6nen Ohrstecker ihre Tr\u00e4gerin durch den Tag. [...]","og_url":"https:\/\/www.goldschmiede-biedermann.de\/shop\/produkt\/ohrstecker-goldherzen\/","og_site_name":"Goldschmiede Biedermann Shop","og_image":[{"width":2560,"height":1536,"url":"https:\/\/www.goldschmiede-biedermann.de\/shop\/wp-content\/uploads\/2022\/04\/Ohrstecker-Herz-Gelbgold-Weissgold-1-scaled.jpg","type":"image\/jpeg"}],"twitter_card":"summary_large_image","twitter_misc":{"Gesch\u00e4tzte Lesezeit":"1\u00a0Minute"},"schema":{"@context":"https:\/\/schema.org","@graph":[{"@type":"WebPage","@id":"https:\/\/www.goldschmiede-biedermann.de\/shop\/produkt\/ohrstecker-goldherzen\/","url":"https:\/\/www.goldschmiede-biedermann.de\/shop\/produkt\/ohrstecker-goldherzen\/","name":"Ohrstecker \u201eGoldHerzen\u201c - Goldschmiede Biedermann Shop","isPartOf":{"@id":"https:\/\/www.goldschmiede-biedermann.de\/shop\/#website"},"primaryImageOfPage":{"@id":"https:\/\/www.goldschmiede-biedermann.de\/shop\/produkt\/ohrstecker-goldherzen\/#primaryimage"},"image":{"@id":"https:\/\/www.goldschmiede-biedermann.de\/shop\/produkt\/ohrstecker-goldherzen\/#primaryimage"},"thumbnailUrl":"https:\/\/www.goldschmiede-biedermann.de\/shop\/wp-content\/uploads\/2022\/04\/Ohrstecker-Herz-Gelbgold-Weissgold-1-scaled.jpg","datePublished":"2023-04-05T08:07:58+00:00","breadcrumb":{"@id":"https:\/\/www.goldschmiede-biedermann.de\/shop\/produkt\/ohrstecker-goldherzen\/#breadcrumb"},"inLanguage":"de","potentialAction":[{"@type":"ReadAction","target":["https:\/\/www.goldschmiede-biedermann.de\/shop\/produkt\/ohrstecker-goldherzen\/"]}]},{"@type":"ImageObject","inLanguage":"de","@id":"https:\/\/www.goldschmiede-biedermann.de\/shop\/produkt\/ohrstecker-goldherzen\/#primaryimage","url":"https:\/\/www.goldschmiede-biedermann.de\/shop\/wp-content\/uploads\/2022\/04\/Ohrstecker-Herz-Gelbgold-Weissgold-1-scaled.jpg","contentUrl":"https:\/\/www.goldschmiede-biedermann.de\/shop\/wp-content\/uploads\/2022\/04\/Ohrstecker-Herz-Gelbgold-Weissgold-1-scaled.jpg","width":2560,"height":1536,"caption":"Ohrstecker Herz Gelbgold Wei\u00dfgold 1"},{"@type":"BreadcrumbList","@id":"https:\/\/www.goldschmiede-biedermann.de\/shop\/produkt\/ohrstecker-goldherzen\/#breadcrumb","itemListElement":[{"@type":"ListItem","position":1,"name":"Startseite","item":"https:\/\/www.goldschmiede-biedermann.de\/shop\/"},{"@type":"ListItem","position":2,"name":"Startseite","item":"https:\/\/www.goldschmiede-biedermann.de\/shop\/"},{"@type":"ListItem","position":3,"name":"Ohrstecker \u201eGoldHerzen\u201c"}]},{"@type":"WebSite","@id":"https:\/\/www.goldschmiede-biedermann.de\/shop\/#website","url":"https:\/\/www.goldschmiede-biedermann.de\/shop\/","name":"Goldschmiede Biedermann Shop","description":"","potentialAction":[{"@type":"SearchAction","target":{"@type":"EntryPoint","urlTemplate":"https:\/\/www.goldschmiede-biedermann.de\/shop\/?s={search_term_string}"},"query-input":{"@type":"PropertyValueSpecification","valueRequired":true,"valueName":"search_term_string"}}],"inLanguage":"de"}]}},"_links":{"self":[{"href":"https:\/\/www.goldschmiede-biedermann.de\/shop\/wp-json\/wp\/v2\/product\/1534","targetHints":{"allow":["GET"]}}],"collection":[{"href":"https:\/\/www.goldschmiede-biedermann.de\/shop\/wp-json\/wp\/v2\/product"}],"about":[{"href":"https:\/\/www.goldschmiede-biedermann.de\/shop\/wp-json\/wp\/v2\/types\/product"}],"replies":[{"embeddable":true,"href":"https:\/\/www.goldschmiede-biedermann.de\/shop\/wp-json\/wp\/v2\/comments?post=1534"}],"wp:featuredmedia":[{"embeddable":true,"href":"https:\/\/www.goldschmiede-biedermann.de\/shop\/wp-json\/wp\/v2\/media\/1504"}],"wp:attachment":[{"href":"https:\/\/www.goldschmiede-biedermann.de\/shop\/wp-json\/wp\/v2\/media?parent=1534"}],"wp:term":[{"taxonomy":"product_brand","embeddable":true,"href":"https:\/\/www.goldschmiede-biedermann.de\/shop\/wp-json\/wp\/v2\/product_brand?post=1534"},{"taxonomy":"product_cat","embeddable":true,"href":"https:\/\/www.goldschmiede-biedermann.de\/shop\/wp-json\/wp\/v2\/product_cat?post=1534"},{"taxonomy":"product_tag","embeddable":true,"href":"https:\/\/www.goldschmiede-biedermann.de\/shop\/wp-json\/wp\/v2\/product_tag?post=1534"}],"curies":[{"name":"wp","href":"https:\/\/api.w.org\/{rel}","templated":true}]}}